undreds digit of 1060648688?
6
What is the units digit of 965957152?
2
What is the millions digit of 6979664953?
9
What is the hundred millions digit of 485183999?
4
What is the billions digit of 5183933380?
5
What is the units digit of 636193085?
5
What is the tens digit of 1224247215?
1
What is the hundred thousands digit of 2270907384?
9
What is the units digit of 120249562?
2
What is the units digit of 328091493?
3
What is the thousands digit of 57046788?
6
What is the units digit of 17993923?
3
What is the millions digit of 400117548?
0
What is the millions digit of 76573164?
6
What is the hundred thousands digit of 136702189?
7
What is the ten thousands digit of 53973157?
7
What is the hundreds digit of 52418328?
3
What is the ten millions digit of 861665903?
6
What is the hundred thousands digit of 58309581?
3
What is the hundreds digit of 11790663?
6
What is the hundreds digit of 560621651?
6
What is the millions digit of 385942715?
5
What is the ten thousands digit of 105237061?
3
What is the millions digit of 6538246?
6
What is the hundred millions digit of 2125677654?
1
What is the ten thousands digit of 5495707123?
0
What is the hundred thousands digit of 44937456?
9
What is the hundreds digit of 3877296?
2
What is the units digit of 283760540?
0
What is the units digit of 4840162?
2
What is the units digit of 5549642729?
9
What is the hundred millions digit of 3432863177?
4
What is the units digit of 226651106?
6
What is the thousands digit of 399055967?
5
What is the ten thousands digit of 1151008933?
0
What is the units digit of 272603514?
4
What is the tens digit of 917628228?
2
What is the billions digit of 1828448328?
1
What is the hundred thousands digit of 6190398032?
3
What is the ten thousands digit of 512163192?
6
What is the ten thousands digit of 18116265?
1
What is the ten thousands digit of 371168820?
6
What is the units digit of 902734941?
1
What is the ten thousands digit of 58897072?
9
What is the ten millions digit of 818010967?
1
What is the billions digit of 5354702887?
5
What is the thousands digit of 169056417?
6
What is the ten thousands digit of 8480922799?
2
What is the units digit of 65121165?
5
What is the millions digit of 3862764260?
2
What is the hundreds digit of 933311580?
5
What is the thousands digit of 340016672?
6
What is the hundred thousands digit of 414384106?
3
What is the tens digit of 267940830?
3
What is the ten millions digit of 37851974?
3
What is the tens digit of 70737039?
3
What is the hundred millions digit of 367566388?
3
What is the ten millions digit of 45278657?
4
What is the thousands digit of 635795436?
5
What is the ten thousands digit of 2569217?
6
What is the units digit of 78468741?
1
What is the hundred millions digit of 139318987?
1
What is the hundreds digit of 26517564?
5
What is the units digit of 1566457490?
0
What is the hundred thousands digit of 2868364072?
3
What is the hundred thousands digit of 207240573?
2
What is the hundred thousands digit of 20173322?
1
What is the tens digit of 38307174?
7
What is the hundreds digit of 22205890?
8
What is the ten millions digit of 1675745238?
7
What is the thousands digit of 75742982?
2
What is the hundred millions digit of 2404684779?
4
What is the millions digit of 2966491671?
6
What is the thousands digit of 8118548?
8
What is the units digit of 81831802?
2
What is the ten millions digit of 14551399?
1
What is the thousands digit of 1115694481?
4
What is the millions digit of 328137364?
8
What is the ten thousands digit of 58150631?
5
What is the hundred millions digit of 741298150?
7
What is the tens digit of 147613957?
5
What is the hundreds digit of 60229198?
1
What is the ten thousands digit of 981005190?
0
What is the hundred thousands digit of 185651604?
6
What is the billions digit of 1010012416?
1
What is the units digit of 122232473?
3
What is the hundreds digit of 61822690?
6
What is the hundred thousands digit of 2906895783?
8
What is the thousands digit of 555376470?
6
What is the thousands digit of 182713437?
3
What is the units digit of 761303492?
2
What is the thousands digit of 203395998?
5
What is the tens digit of 616995096?
9
What is the millions digit of 41676952?
1
What is the hundred thousands digit of 59776488?
7
What is the thousands digit of 18964212?
4
What is the ten millions digit of 991367150?
9
What is the ten millions digit of 38477418?
3
What is the ten thousands digit of 229444129?
4
What is the tens digit of 559877841?
4
What is the ten thousands digit of 192787085?
8
What is the ten millions digit of 39816118?
3
What is the thousands digit of 1866645326?
5
What is the billions digit of 7980590796?
7
What is the units digit of 1412256439?
9
What is the billions digit of 2304502866?
2
What is the hundred thousands digit of 366977145?
9
What is the ten millions digit of 28233325?
2
What is the ten thousands digit of 631632443?
3
What is the hundred thousands digit of 727893199?
8
What is the thousands digit of 4057584531?
4
What is the hundreds digit of 3441716377?
3
What is the thousands digit of 687654457?
4
What is the hundreds digit of 382637015?
0
What is the hundred thousands digit of 4411472255?
4
What is the tens digit of 423802850?
5
What is the billions digit of 2329708583?
2
What is the billions digit of 1071164214?
1
What is the ten thousands digit of 62774587?
7
What is the thousands digit of 82788419?
8
What is the hundred thousands digit of 58351182?
3
What is the ten millions digit of 362132330?
6
What is the hundred millions digit of 138085114?
1
What is the hundred thousands digit of 3177394?
1
What is the thousands digit of 1106607123?
7
What is the ten millions digit of 116660717?
1
What is the tens digit of 89888214?
1
What is the units digit of 8241339742?
2
What is the millions digit of 796438282?
6
What is the units digit of 884350862?
2
What is the tens digit of 186061482?
8
What is the units digit of 158577583?
3
What is the tens digit of 2318505387?
8
What is the hundreds digit of 26113390?
3
What is the hundreds digit of 890785588?
5
What is the millions digit of 1721332206?
1
What is the millions digit of 1563355697?
3
What is the ten millions digit of 57631209?
5
What is the tens digit of 100887841?
4
What is the units digit of 170267897?
7
What is the thousands digit of 91126649?
6
What is the thousands digit of 80976053?
6
What is the hundred thousands digit of 631221790?
2
What is the ten thousands digit of 166377404?
7
What is the units digit of 42623180?
0
What is the hundred millions digit of 162325597?
1
What is the hundred thousands digit of 156322103?
3
What is the tens digit of 200267696?
9
What is the tens digit of 676233261?
6
What is the hundred millions digit of 620283726?
6
What is the ten millions digit of 885757740?
8
What is the units digit of 489127865?
5
What is the millions digit of 4450191880?
0
What is the units digit of 715592194?
4
What is the ten thousands digit of 1383403011?
0
What is the millions digit of 4500657726?
0
What is the thousands digit of 168500555?
0
What is the hundred millions digit of 5829931037?
8
What is the hundred millions digit of 142591262?
1
What is the ten thousands digit of 1551183423?
8
What is the ten millions digit of 198891892?
9
What is the hundred thousands digit of 70635240?
6
What is the hundreds digit of 92707815?
8
What is the units digit of 563053719?
9
What is the units digit of 878351148?
8
What is the thousands digit of 101750836?
0
What is the tens digit of 116423677?
7
What is the units digit of 1595268962?
2
What is the ten millions digit of 78344339?
7
What is the ten thousands digit of 3749417382?
1
What is the millions digit of 223531459?
3
What is the thousands digit of 149539832?
9
What is the ten millions digit of 62960238?
6
What is the ten thousands digit of 402859655?
5
What is the hundreds digit of 2922664267?
2
What is the units digit of 1031128723?
3
What is the hundred thousands digit of 449466132?
4
What is the billions digit of 2694397659?
2
What is the units digit of 97771864?
4
What is the ten thousands digit of 4393697616?
9
What is the hundred thousands digit of 104501035?
5
What is the units digit of 196934899?
9
What is the hundred millions digit of 720723726?
7
Wh